{"id":222,"date":"2017-06-05T08:27:21","date_gmt":"2017-06-05T08:27:21","guid":{"rendered":"http:\/\/ninossanosyseguros.com\/ninos\/?page_id=222"},"modified":"2026-01-07T15:39:14","modified_gmt":"2026-01-07T23:39:14","slug":"our-story","status":"publish","type":"page","link":"https:\/\/ninossanosyseguros.com\/ninos\/our-story\/","title":{"rendered":"Acerca de mi"},"content":{"rendered":"<p>[vc_row full_width=&#8221;stretch_row_content_no_spaces&#8221;][vc_column]<div id=\"sc_line_1443893421\"\n\t\tclass=\"sc_line var_1 color_5 top\"><svg version=\"1.1\" xmlns=\"http:\/\/www.w3.org\/2000\/svg\" xmlns:xlink=\"http:\/\/www.w3.org\/1999\/xlink\" x=\"0px\" y=\"0px\"\r\n\t viewBox=\"0 0 1902.8 75\" style=\"enable-background:new 0 0 1902.8 75;\" xml:space=\"preserve\">\r\n<path class=\"color_1\" d=\"M787.4,59.4c72.4,5.3,129.4-1.6,168.6-9.1c57-10.9,83.9-24.6,157.2-36.5c47.1-7.7,82.6-9.6,114.3-11.3\r\n\tc28.7-1.5,140.3-6.4,291.4,14.8c59.9,8.4,136.8,22.4,225,47c-318.9,3.6-637.7,7.1-956.6,10.7C787.4,69.8,787.4,64.6,787.4,59.4z\"\/>\r\n<path class=\"color_2\" d=\"M0,40.7c75.6-10.6,140.6-17.1,191.5-21.3c45.5-3.8,92.8-7.6,156.5-9c47.3-1,82.6-0.3,141,1c58.5,1.3,87.8,1.9,128,5\r\n\tc58.2,4.5,105.8,11.2,118,13c42.8,6.2,54.5,9.4,98,15c30.3,3.9,55.1,6.2,84.5,8.7c112.8,9.3,192.2,15.9,297.5,16\r\n\tc57.3,0.1,110.6-1.8,132.7-2.6c9.2-0.3,11.3-0.4,110.3-4.9c73.5-3.3,79.6-3.6,92.3-4.5c54.9-4,94.7-10.2,116.7-13.5\r\n\tc49-7.3,124.4-16.9,236.3-26.2c-0.2,19.2-0.3,38.4-0.5,57.7C1268.5,75,634.3,75,0,75C0,63.6,0,52.1,0,40.7z\"\/>\r\n<\/svg><\/div>[\/vc_column][\/vc_row][vc_row full_width=&#8221;stretch_row&#8221; css=&#8221;.vc_custom_1641122589286{background: #f9f9f9 url(https:\/\/ninossanosyseguros.com\/ninos\/wp-content\/uploads\/2022\/01\/bg2.png?id=1080) !important;background-position: 0 0 !important;background-repeat: repeat !important;}&#8221;][vc_column][vc_empty_space height=&#8221;2em&#8221; alter_height=&#8221;none&#8221; hide_on_mobile=&#8221;1&#8243;][vc_empty_space height=&#8221;5em&#8221; alter_height=&#8221;none&#8221; hide_on_mobile=&#8221;&#8221;]<div id=\"sc_title_1776360388\"\n\t\tclass=\"sc_title color_style_link2 sc_title_extra go-center\"><h3 class=\"sc_item_title sc_title_title sc_align_center sc_item_title_style_extra\">\u00bfQui\u00e9n Soy?<\/h3><\/div><!-- \/.sc_title -->[vc_empty_space height=&#8221;5em&#8221; alter_height=&#8221;none&#8221; hide_on_mobile=&#8221;&#8221;][vc_column_text]<span style=\"font-weight: 400;\">Soy <\/span><b>Ingrid S\u00e1nchez<\/b><span style=\"font-weight: 400;\">, Especialista en neurociencias y educaci\u00f3n alternativa con 11 a\u00f1os de experiencia, Coach NCI \u00e9nfasis gesti\u00f3n de emociones, Consultor\u00eda en crianza y bienestar, Facilitadora en paternidad efectiva, Certificada en psicolog\u00eda de la felicidad. Soy mam\u00e1 de tres amorosos ni\u00f1os de diferentes septenios, esposa emp\u00e1tica originaria de Colombia, una mujer de fe, so\u00f1adora, resiliente y determinada.<\/span><\/p>\n<p><span style=\"font-weight: 400;\">Lidero proyectos psicolog\u00eda conductual desde hace 15 a\u00f1os interviniendo desde familia, individuo, comunidad desde el campo de responsabilidad social empresarial y cultural de las organizaciones, (programas de seguridad basada en el comportamiento, compromiso con la vida).<\/span><\/p>\n<p><span style=\"font-weight: 400;\">Fundadora de <\/span><b>Ni\u00f1os Sanos Seguros &amp; Felices<\/b><span style=\"font-weight: 400;\">, Acompa\u00f1\u00f3 la paternidad por medio de sesiones de coaching, talleres, programas basado en tres pilares <\/span><b>Reconocer, Conectar y Transformar<\/b><span style=\"font-weight: 400;\"> una crianza m\u00e1s consciente y presente siendo un <\/span><b>PC (Padre Consciente)<\/b><span style=\"font-weight: 400;\">.<\/span><\/p>\n<p><span style=\"font-weight: 400;\">Creadora del M\u00e9todo <\/span><b>Ame-Aprender-Ser<\/b><span style=\"font-weight: 400;\">. Metodolog\u00eda de educaci\u00f3n integral para fomentar el desarrollo social y emocional de los ni\u00f1os, as\u00ed como la transmisi\u00f3n de valores, principios fundamentales. logrando un impacto positivo a las familias, fortaleciendo as\u00ed el tejido social y emocional de la comunidad.<\/span><\/p>\n<p><span style=\"font-weight: 400;\">Estamos comprometidos con las familias inmigrantes, las Mamas que transitan con alg\u00fan tratamiento de c\u00e1ncer, enfermedad degenerativa o discapacidad mental brindando los programas y servicios integrales en Crianza, Educaci\u00f3n Gratis y\/o bajo costo\u00a0 estamos sosteniendo un presente construyendo un futuro con esperanza siendo solidarios para estas familias y la infancia.\u00a0<\/span><\/p>\n<p><span style=\"font-weight: 400;\">Mi prop\u00f3sito es edificar familias felices, saludables mostr\u00e1ndoles una crianza m\u00e1s f\u00e1cil que les genere armon\u00eda en su hogar y conecte a padres e hijos en amor y comunicaci\u00f3n, con una mirada de encontrar una educaci\u00f3n alternativa como Waldorf, Reggio Emilia y Montesori un ni\u00f1o desarrollando su gran potencial y fortaleciendo sus habilidades socio-emocionales.<\/span>[\/vc_column_text][vc_empty_space height=&#8221;2em&#8221; alter_height=&#8221;none&#8221; hide_on_mobile=&#8221;&#8221;][vc_empty_space height=&#8221;2em&#8221; alter_height=&#8221;none&#8221; hide_on_mobile=&#8221;1&#8243;]<div id=\"sc_title_1721583820\"\n\t\tclass=\"sc_title color_style_link2 sc_title_default go-center\"><h6 class=\"sc_item_subtitle sc_title_subtitle sc_align_center sc_item_title_style_default\">Con la Crianza Efectiva, yo te ayudo a lograr:<\/h6><\/div><!-- \/.sc_title -->[vc_row_inner content_placement=&#8221;bottom&#8221;][vc_column_inner offset=&#8221;vc_col-md-3&#8243;][vc_empty_space height=&#8221;3em&#8221; alter_height=&#8221;none&#8221; hide_on_mobile=&#8221;&#8221;]<div id=\"sc_title_1086691507\"\n\t\tclass=\"sc_title color_style_link3 sc_title_default go-center\"><h4 class=\"sc_item_title sc_title_title sc_align_center sc_item_title_style_default sc_item_title_tag\">\u00bfQuieres mejorar tu paternidad y maternidad?<\/h4><\/div><!-- \/.sc_title -->[vc_empty_space height=&#8221;5em&#8221; alter_height=&#8221;none&#8221; hide_on_mobile=&#8221;1&#8243;]<div id=\"sc_title_815071697\"\n\t\tclass=\"sc_title color_style_link2 sc_title_default go-center\"><h4 class=\"sc_item_title sc_title_title sc_align_center sc_item_title_style_default sc_item_title_tag\">\u00bfTe gustar\u00eda saber qu\u00e9 es la edad del no retorno y c\u00f3mo aprovecharla?<\/h4><\/div><!-- \/.sc_title -->[vc_empty_space height=&#8221;5em&#8221; alter_height=&#8221;none&#8221; hide_on_mobile=&#8221;1&#8243;][\/vc_column_inner][vc_column_inner offset=&#8221;vc_col-md-6&#8243;][vc_single_image image=&#8221;1261&#8243; img_size=&#8221;large&#8221; alignment=&#8221;center&#8221; css=&#8221;.vc_custom_1767829150015{border-radius: 35px !important;}&#8221;][\/vc_column_inner][vc_column_inner offset=&#8221;vc_col-md-3&#8243;][vc_empty_space height=&#8221;3em&#8221; alter_height=&#8221;none&#8221; hide_on_mobile=&#8221;&#8221;]<div id=\"sc_title_1689475772\"\n\t\tclass=\"sc_title color_style_link2 sc_title_default go-center\"><h4 class=\"sc_item_title sc_title_title sc_align_center sc_item_title_style_default sc_item_title_tag\">\u00bfLos castigos que te daban tus padres no funcionan con tus hijos?<\/h4><\/div><!-- \/.sc_title -->[vc_empty_space height=&#8221;5em&#8221; alter_height=&#8221;none&#8221; hide_on_mobile=&#8221;1&#8243;]<div id=\"sc_title_1309297773\"\n\t\tclass=\"sc_title color_style_link3 sc_title_default go-center\"><h4 class=\"sc_item_title sc_title_title sc_align_center sc_item_title_style_default sc_item_title_tag\">\u00bfTe cuesta trabajo dedicar tiempo para escuchar a tus hijos o, aunque intentas, ellos no hablan contigo?<\/h4><\/div><!-- \/.sc_title -->[vc_empty_space height=&#8221;5em&#8221; alter_height=&#8221;none&#8221; hide_on_mobile=&#8221;1&#8243;][\/vc_column_inner][\/vc_row_inner][vc_row_inner css=&#8221;.vc_custom_1717165179369{margin-bottom: 50px !important;}&#8221;][vc_column_inner][vc_video link=&#8221;https:\/\/www.youtube.com\/watch?v=Jx2ZcWYuR5I&#8221;][\/vc_column_inner][\/vc_row_inner][\/vc_column][\/vc_row][vc_row full_width=&#8221;stretch_row&#8221; css=&#8221;.vc_custom_1641122649939{background-image: url(https:\/\/ninossanosyseguros.com\/ninos\/wp-content\/uploads\/2022\/01\/video_bg.jpg?id=1082) !important;background-position: center !important;background-repeat: no-repeat !important;background-size: cover !important;}&#8221;][vc_column][vc_empty_space height=&#8221;4em&#8221; alter_height=&#8221;none&#8221; hide_on_mobile=&#8221;1&#8243;][vc_empty_space height=&#8221;7.5em&#8221; alter_height=&#8221;none&#8221; hide_on_mobile=&#8221;&#8221;]<div id=\"sc_title_1161942475\"\n\t\tclass=\"sc_title color_style_link3 scheme_dark sc_title_default extra_size go-center\"><h6 class=\"sc_item_subtitle sc_title_subtitle sc_align_center sc_item_title_style_default\">Descubre nuestros<\/h6><h1 class=\"sc_item_title sc_title_title sc_align_center sc_item_title_style_default sc_item_title_tag\">Programas y Asesor\u00edas<\/h1><\/div><!-- \/.sc_title -->[vc_empty_space height=&#8221;3.8em&#8221; alter_height=&#8221;none&#8221; hide_on_mobile=&#8221;&#8221;]<div class=\"sc_item_button sc_button_wrap sc_align_center\"><a href=\"https:\/\/ninossanosyseguros.com\/ninos\/our-services\/\" id=\"sc_button_1689457666\" class=\"sc_button color_style_link3 sc_button_default sc_button_size_normal sc_button_icon_left\"><span class=\"sc_button_text\"><span class=\"sc_button_title\">Ver M\u00e9todo<\/span><\/span><!-- \/.sc_button_text --><\/a><!-- \/.sc_button --><\/div><!-- \/.sc_item_button -->[vc_empty_space height=&#8221;3em&#8221; alter_height=&#8221;none&#8221; hide_on_mobile=&#8221;1&#8243;][vc_empty_space height=&#8221;5em&#8221; alter_height=&#8221;none&#8221; hide_on_mobile=&#8221;&#8221;][\/vc_column][\/vc_row]<\/p>\n","protected":false},"excerpt":{"rendered":"<p>[vc_row full_width=&#8221;stretch_row_content_no_spaces&#8221;][vc_column][\/vc_column][\/vc_row][vc_row full_width=&#8221;stretch_row&#8221; css=&#8221;.vc_custom_1641122589286{background: #f9f9f9 url(https:\/\/ninossanosyseguros.com\/ninos\/wp-content\/uploads\/2022\/01\/bg2.png?id=1080) !important;background-position: 0 0 !important;background-repeat: repeat !important;}&#8221;][vc_column][vc_empty_space height=&#8221;2em&#8221; alter_height=&#8221;none&#8221; hide_on_mobile=&#8221;1&#8243;][vc_empty_space height=&#8221;5em&#8221; alter_height=&#8221;none&#8221; hide_on_mobile=&#8221;&#8221;][vc_empty_space height=&#8221;5em&#8221; alter_height=&#8221;none&#8221; hide_on_mobile=&#8221;&#8221;][vc_column_text]Soy Ingrid S\u00e1nchez, Especialista en neurociencias y educaci\u00f3n alternativa con 11 a\u00f1os de experiencia, Coach NCI \u00e9nfasis gesti\u00f3n de emociones, Consultor\u00eda en crianza y bienestar,&hellip;<\/p>\n","protected":false},"author":1,"featured_media":0,"parent":0,"menu_order":0,"comment_status":"closed","ping_status":"closed","template":"","meta":{"footnotes":""},"class_list":["post-222","page","type-page","status-publish","hentry"],"_links":{"self":[{"href":"https:\/\/ninossanosyseguros.com\/ninos\/wp-json\/wp\/v2\/pages\/222","targetHints":{"allow":["GET"]}}],"collection":[{"href":"https:\/\/ninossanosyseguros.com\/ninos\/wp-json\/wp\/v2\/pages"}],"about":[{"href":"https:\/\/ninossanosyseguros.com\/ninos\/wp-json\/wp\/v2\/types\/page"}],"author":[{"embeddable":true,"href":"https:\/\/ninossanosyseguros.com\/ninos\/wp-json\/wp\/v2\/users\/1"}],"replies":[{"embeddable":true,"href":"https:\/\/ninossanosyseguros.com\/ninos\/wp-json\/wp\/v2\/comments?post=222"}],"version-history":[{"count":28,"href":"https:\/\/ninossanosyseguros.com\/ninos\/wp-json\/wp\/v2\/pages\/222\/revisions"}],"predecessor-version":[{"id":1262,"href":"https:\/\/ninossanosyseguros.com\/ninos\/wp-json\/wp\/v2\/pages\/222\/revisions\/1262"}],"wp:attachment":[{"href":"https:\/\/ninossanosyseguros.com\/ninos\/wp-json\/wp\/v2\/media?parent=222"}],"curies":[{"name":"wp","href":"https:\/\/api.w.org\/{rel}","templated":true}]}}